{"id":1513,"date":"2025-07-10T05:30:38","date_gmt":"2025-07-10T05:30:38","guid":{"rendered":"https:\/\/evolution-tools.com\/?page_id=1513"},"modified":"2025-09-13T22:59:41","modified_gmt":"2025-09-13T22:59:41","slug":"control-de-produccion","status":"publish","type":"page","link":"https:\/\/evolution-tools.com\/index.php\/home\/control-de-produccion\/","title":{"rendered":"ControlDeProducci\u00f3n"},"content":{"rendered":"\n<figure class=\"wp-block-video aligncenter\"><video autoplay controls src=\"https:\/\/evolution-tools.com\/TexSync\/Asistentes\/ControlDeProduccion\/ControlDeProduccion.mp4\"><\/video><\/figure>\n\n\n<style>.wp-block-kadence-advancedbtn.kb-btns1513_bc9e85-81{gap:var(--global-kb-gap-xs, 0.5rem );justify-content:center;align-items:flex-start;}.kt-btns1513_bc9e85-81 .kt-button{font-weight:normal;font-style:normal;}.kt-btns1513_bc9e85-81 .kt-btn-wrap-0{margin-right:5px;}.wp-block-kadence-advancedbtn.kt-btns1513_bc9e85-81 .kt-btn-wrap-0 .kt-button{color:#555555;border-color:#555555;}.wp-block-kadence-advancedbtn.kt-btns1513_bc9e85-81 .kt-btn-wrap-0 .kt-button:hover, .wp-block-kadence-advancedbtn.kt-btns1513_bc9e85-81 .kt-btn-wrap-0 .kt-button:focus{color:#ffffff;border-color:#444444;}.wp-block-kadence-advancedbtn.kt-btns1513_bc9e85-81 .kt-btn-wrap-0 .kt-button::before{display:none;}.wp-block-kadence-advancedbtn.kt-btns1513_bc9e85-81 .kt-btn-wrap-0 .kt-button:hover, .wp-block-kadence-advancedbtn.kt-btns1513_bc9e85-81 .kt-btn-wrap-0 .kt-button:focus{background:#444444;}<\/style>\n<div class=\"wp-block-kadence-advancedbtn kb-buttons-wrap kb-btns1513_bc9e85-81\"><style>ul.menu .wp-block-kadence-advancedbtn .kb-btn1513_6be032-7c.kb-button{width:initial;}<\/style><a class=\"kb-button kt-button button kb-btn1513_6be032-7c kt-btn-size-standard kt-btn-width-type-auto kb-btn-global-fill kt-btn-has-text-true kt-btn-has-svg-false  wp-block-kadence-singlebtn\" href=\"https:\/\/evolution-tools.com\/texsync\/instalacion\/TexSync.application\" target=\"_blank\" rel=\"noreferrer noopener\"><span class=\"kt-btn-inner-text\">Descargar DEMO<\/span><\/a><\/div>\n\n\n<style>.wp-block-kadence-advancedheading.kt-adv-heading1513_c69190-1f, .wp-block-kadence-advancedheading.kt-adv-heading1513_c69190-1f[data-kb-block=\"kb-adv-heading1513_c69190-1f\"]{font-size:var(--global-kb-font-size-lg, 2rem);font-style:normal;}.wp-block-kadence-advancedheading.kt-adv-heading1513_c69190-1f mark.kt-highlight, .wp-block-kadence-advancedheading.kt-adv-heading1513_c69190-1f[data-kb-block=\"kb-adv-heading1513_c69190-1f\"] mark.kt-highlight{font-style:normal;color:#f76a0c;-webkit-box-decoration-break:clone;box-decoration-break:clone;padding-top:0px;padding-right:0px;padding-bottom:0px;padding-left:0px;}<\/style>\n<p class=\"kt-adv-heading1513_c69190-1f wp-block-kadence-advancedheading has-theme-palette-1-color has-text-color\" data-kb-block=\"kb-adv-heading1513_c69190-1f\"><strong>M\u00f3dulo &#8211; Control de Producci\u00f3n:<\/strong><\/p>\n\n\n<style>.wp-block-kadence-iconlist.kt-svg-icon-list-items1513_616f3f-1d:not(.this-stops-third-party-issues){margin-top:0px;margin-bottom:0px;}.wp-block-kadence-iconlist.kt-svg-icon-list-items1513_616f3f-1d ul.kt-svg-icon-list:not(.this-prevents-issues):not(.this-stops-third-party-issues):not(.tijsloc){margin-top:0px;margin-right:0px;margin-bottom:var(--global-kb-spacing-sm, 1.5rem);margin-left:0px;}.wp-block-kadence-iconlist.kt-svg-icon-list-items1513_616f3f-1d ul.kt-svg-icon-list{grid-row-gap:5px;}.wp-block-kadence-iconlist.kt-svg-icon-list-items1513_616f3f-1d .kb-svg-icon-wrap{color:var(--global-palette1, #3182CE);}.wp-block-kadence-iconlist.kt-svg-icon-list-items1513_616f3f-1d ul.kt-svg-icon-list .kt-svg-icon-list-item-wrap .kt-svg-icon-list-single{margin-right:10px;}.kt-svg-icon-list-items1513_616f3f-1d ul.kt-svg-icon-list .kt-svg-icon-list-item-wrap, .kt-svg-icon-list-items1513_616f3f-1d ul.kt-svg-icon-list .kt-svg-icon-list-item-wrap a{color:var(--global-palette1, #3182CE);color:var(--global-palette1, #3182CE);}.kt-svg-icon-list-items1513_616f3f-1d ul.kt-svg-icon-list .kt-svg-icon-list-level-0 .kt-svg-icon-list-single svg{font-size:20px;}<\/style>\n<div class=\"wp-block-kadence-iconlist kt-svg-icon-list-items kt-svg-icon-list-items1513_616f3f-1d kt-svg-icon-list-columns-1 alignnone\"><ul class=\"kt-svg-icon-list\"><style>.kt-svg-icon-list-item-1513_f236aa-43 .kt-svg-icon-list-text mark.kt-highlight{background-color:unset;font-style:normal;color:#f76a0c;-webkit-box-decoration-break:clone;box-decoration-break:clone;padding-top:0px;padding-right:0px;padding-bottom:0px;padding-left:0px;}<\/style>\n<li class=\"wp-block-kadence-listitem kt-svg-icon-list-item-wrap kt-svg-icon-list-item-1513_f236aa-43\"><span class=\"kb-svg-icon-wrap kb-svg-icon-fe_checkCircle kt-svg-icon-list-single\"><svg viewBox=\"0 0 24 24\"  fill=\"none\" stroke=\"currentColor\" stroke-width=\"2\" stroke-linecap=\"round\" stroke-linejoin=\"round\" xmlns=\"http:\/\/www.w3.org\/2000\/svg\"  aria-hidden=\"true\"><path d=\"M22 11.08V12a10 10 0 1 1-5.93-9.14\"\/><polyline points=\"22 4 12 14.01 9 11.01\"\/><\/svg><\/span><span class=\"kt-svg-icon-list-text\">Descarga la aplicaci\u00f3n y eval\u00faala por 30 d\u00edas, sin ning\u00fan compromiso y sin necesidad de tarjeta de cr\u00e9dito.<\/span><\/li>\n\n\n<style>.kt-svg-icon-list-item-1513_5f736e-d5 .kt-svg-icon-list-text mark.kt-highlight{background-color:unset;font-style:normal;color:#f76a0c;-webkit-box-decoration-break:clone;box-decoration-break:clone;padding-top:0px;padding-right:0px;padding-bottom:0px;padding-left:0px;}<\/style>\n<li class=\"wp-block-kadence-listitem kt-svg-icon-list-item-wrap kt-svg-icon-list-item-1513_5f736e-d5\"><span class=\"kb-svg-icon-wrap kb-svg-icon-fe_checkCircle kt-svg-icon-list-single\"><svg viewBox=\"0 0 24 24\"  fill=\"none\" stroke=\"currentColor\" stroke-width=\"2\" stroke-linecap=\"round\" stroke-linejoin=\"round\" xmlns=\"http:\/\/www.w3.org\/2000\/svg\"  aria-hidden=\"true\"><path d=\"M22 11.08V12a10 10 0 1 1-5.93-9.14\"\/><polyline points=\"22 4 12 14.01 9 11.01\"\/><\/svg><\/span><span class=\"kt-svg-icon-list-text\">La aplicaci\u00f3n cuenta con un \u00abAsistente de Implementaci\u00f3n\u00bb, una serie de videos que te guiar\u00e1n paso a paso para la implementaci\u00f3n.<\/span><\/li>\n\n\n<style>.kt-svg-icon-list-item-1513_312166-65 .kt-svg-icon-list-single{color:var(--global-palette1, #3182CE) !important;}.kt-svg-icon-list-item-1513_312166-65 .kt-svg-icon-list-text mark.kt-highlight{background-color:unset;font-style:normal;color:var(--global-palette1, #3182CE);-webkit-box-decoration-break:clone;box-decoration-break:clone;padding-top:0px;padding-right:0px;padding-bottom:0px;padding-left:0px;}<\/style>\n<li class=\"wp-block-kadence-listitem kt-svg-icon-list-item-wrap kt-svg-icon-list-item-1513_312166-65\"><span class=\"kb-svg-icon-wrap kb-svg-icon-fe_checkCircle kt-svg-icon-list-single\"><svg viewBox=\"0 0 24 24\"  fill=\"none\" stroke=\"currentColor\" stroke-width=\"2\" stroke-linecap=\"round\" stroke-linejoin=\"round\" xmlns=\"http:\/\/www.w3.org\/2000\/svg\"  aria-hidden=\"true\"><path d=\"M22 11.08V12a10 10 0 1 1-5.93-9.14\"\/><polyline points=\"22 4 12 14.01 9 11.01\"\/><\/svg><\/span><span class=\"kt-svg-icon-list-text\">Es una aplicaci\u00f3n basada en Windows, lo cual hace muy f\u00e1cil su aprendizaje.<\/span><\/li>\n\n\n<style>.kt-svg-icon-list-item-1513_c82921-53 .kt-svg-icon-list-single{color:var(--global-palette1, #3182CE) !important;}.kt-svg-icon-list-item-1513_c82921-53 .kt-svg-icon-list-text mark.kt-highlight{background-color:unset;font-style:normal;color:var(--global-palette1, #3182CE);-webkit-box-decoration-break:clone;box-decoration-break:clone;padding-top:0px;padding-right:0px;padding-bottom:0px;padding-left:0px;}<\/style>\n<li class=\"wp-block-kadence-listitem kt-svg-icon-list-item-wrap kt-svg-icon-list-item-1513_c82921-53\"><span class=\"kb-svg-icon-wrap kb-svg-icon-fe_checkCircle kt-svg-icon-list-single\"><svg viewBox=\"0 0 24 24\"  fill=\"none\" stroke=\"currentColor\" stroke-width=\"2\" stroke-linecap=\"round\" stroke-linejoin=\"round\" xmlns=\"http:\/\/www.w3.org\/2000\/svg\"  aria-hidden=\"true\"><path d=\"M22 11.08V12a10 10 0 1 1-5.93-9.14\"\/><polyline points=\"22 4 12 14.01 9 11.01\"\/><\/svg><\/span><span class=\"kt-svg-icon-list-text\">Las bases de datos est\u00e1n hospedadas en la nube, podr\u00e1s acezar a tu sistema desde cualquier parte del mundo.<\/span><\/li>\n\n\n<style>.kt-svg-icon-list-item-1513_49be0d-fa .kt-svg-icon-list-single{color:var(--global-palette1, #3182CE) !important;}.kt-svg-icon-list-item-1513_49be0d-fa .kt-svg-icon-list-text mark.kt-highlight{background-color:unset;font-style:normal;color:var(--global-palette1, #3182CE);-webkit-box-decoration-break:clone;box-decoration-break:clone;padding-top:0px;padding-right:0px;padding-bottom:0px;padding-left:0px;}<\/style>\n<li class=\"wp-block-kadence-listitem kt-svg-icon-list-item-wrap kt-svg-icon-list-item-1513_49be0d-fa\"><span class=\"kb-svg-icon-wrap kb-svg-icon-fe_checkCircle kt-svg-icon-list-single\"><svg viewBox=\"0 0 24 24\"  fill=\"none\" stroke=\"currentColor\" stroke-width=\"2\" stroke-linecap=\"round\" stroke-linejoin=\"round\" xmlns=\"http:\/\/www.w3.org\/2000\/svg\"  aria-hidden=\"true\"><path d=\"M22 11.08V12a10 10 0 1 1-5.93-9.14\"\/><polyline points=\"22 4 12 14.01 9 11.01\"\/><\/svg><\/span><span class=\"kt-svg-icon-list-text\">Este m\u00f3dulo se puede conectar a otros m\u00f3dulos del sistema: Planeaci\u00f3n, costeo, producci\u00f3n, etc.<\/span><\/li>\n\n\n<style>.kt-svg-icon-list-item-1513_750567-d5 .kt-svg-icon-list-single{color:var(--global-palette1, #3182CE) !important;}.kt-svg-icon-list-item-1513_750567-d5 .kt-svg-icon-list-text mark.kt-highlight{background-color:unset;font-style:normal;color:var(--global-palette1, #3182CE);-webkit-box-decoration-break:clone;box-decoration-break:clone;padding-top:0px;padding-right:0px;padding-bottom:0px;padding-left:0px;}<\/style>\n<li class=\"wp-block-kadence-listitem kt-svg-icon-list-item-wrap kt-svg-icon-list-item-1513_750567-d5\"><span class=\"kb-svg-icon-wrap kb-svg-icon-fe_checkCircle kt-svg-icon-list-single\"><svg viewBox=\"0 0 24 24\"  fill=\"none\" stroke=\"currentColor\" stroke-width=\"2\" stroke-linecap=\"round\" stroke-linejoin=\"round\" xmlns=\"http:\/\/www.w3.org\/2000\/svg\"  aria-hidden=\"true\"><path d=\"M22 11.08V12a10 10 0 1 1-5.93-9.14\"\/><polyline points=\"22 4 12 14.01 9 11.01\"\/><\/svg><\/span><span class=\"kt-svg-icon-list-text\">Sistema flexible, puedes adquirir una o tantas licencias como lo requiera tu proceso.<\/span><\/li>\n\n\n<style>.kt-svg-icon-list-item-1513_341143-c6 .kt-svg-icon-list-single{color:var(--global-palette1, #3182CE) !important;}.kt-svg-icon-list-item-1513_341143-c6 .kt-svg-icon-list-text mark.kt-highlight{background-color:unset;font-style:normal;color:var(--global-palette1, #3182CE);-webkit-box-decoration-break:clone;box-decoration-break:clone;padding-top:0px;padding-right:0px;padding-bottom:0px;padding-left:0px;}<\/style>\n<li class=\"wp-block-kadence-listitem kt-svg-icon-list-item-wrap kt-svg-icon-list-item-1513_341143-c6\"><span class=\"kb-svg-icon-wrap kb-svg-icon-fe_checkCircle kt-svg-icon-list-single\"><svg viewBox=\"0 0 24 24\"  fill=\"none\" stroke=\"currentColor\" stroke-width=\"2\" stroke-linecap=\"round\" stroke-linejoin=\"round\" xmlns=\"http:\/\/www.w3.org\/2000\/svg\"  aria-hidden=\"true\"><path d=\"M22 11.08V12a10 10 0 1 1-5.93-9.14\"\/><polyline points=\"22 4 12 14.01 9 11.01\"\/><\/svg><\/span><span class=\"kt-svg-icon-list-text\">Podr\u00e1s controlar procesos a distancia, comparte las licencias con otras localidades y as\u00edgnales la actualizaci\u00f3n de la informaci\u00f3n.<\/span><\/li>\n\n\n<style>.kt-svg-icon-list-item-1513_8c74a7-a7 .kt-svg-icon-list-single{color:var(--global-palette1, #3182CE) !important;}.kt-svg-icon-list-item-1513_8c74a7-a7 .kt-svg-icon-list-text mark.kt-highlight{background-color:unset;font-style:normal;color:var(--global-palette1, #3182CE);-webkit-box-decoration-break:clone;box-decoration-break:clone;padding-top:0px;padding-right:0px;padding-bottom:0px;padding-left:0px;}<\/style>\n<li class=\"wp-block-kadence-listitem kt-svg-icon-list-item-wrap kt-svg-icon-list-item-1513_8c74a7-a7\"><span class=\"kb-svg-icon-wrap kb-svg-icon-fe_checkCircle kt-svg-icon-list-single\"><svg viewBox=\"0 0 24 24\"  fill=\"none\" stroke=\"currentColor\" stroke-width=\"2\" stroke-linecap=\"round\" stroke-linejoin=\"round\" xmlns=\"http:\/\/www.w3.org\/2000\/svg\"  aria-hidden=\"true\"><path d=\"M22 11.08V12a10 10 0 1 1-5.93-9.14\"\/><polyline points=\"22 4 12 14.01 9 11.01\"\/><\/svg><\/span><span class=\"kt-svg-icon-list-text\"><strong>Maquilas tu producto?<\/strong>, incluye tus proveedores en el sistema y podr\u00e1s tener tu sistema actualizado en todo momento.<\/span><\/li>\n<\/ul><\/div>\n\n\n\n<p><\/p>\n","protected":false},"excerpt":{"rendered":"<p>M\u00f3dulo &#8211; Control de Producci\u00f3n:<\/p>\n","protected":false},"author":1,"featured_media":0,"parent":1137,"menu_order":0,"comment_status":"closed","ping_status":"closed","template":"","meta":{"_kadence_starter_templates_imported_post":false,"_kad_post_transparent":"disable","_kad_post_title":"hide","_kad_post_layout":"normal","_kad_post_sidebar_id":"default","_kad_post_content_style":"","_kad_post_vertical_padding":"hide","_kad_post_feature":"","_kad_post_feature_position":"","_kad_post_header":true,"_kad_post_footer":true,"footnotes":""},"class_list":["post-1513","page","type-page","status-publish","hentry"],"jetpack_sharing_enabled":true,"_links":{"self":[{"href":"https:\/\/evolution-tools.com\/index.php\/wp-json\/wp\/v2\/pages\/1513","targetHints":{"allow":["GET"]}}],"collection":[{"href":"https:\/\/evolution-tools.com\/index.php\/wp-json\/wp\/v2\/pages"}],"about":[{"href":"https:\/\/evolution-tools.com\/index.php\/wp-json\/wp\/v2\/types\/page"}],"author":[{"embeddable":true,"href":"https:\/\/evolution-tools.com\/index.php\/wp-json\/wp\/v2\/users\/1"}],"replies":[{"embeddable":true,"href":"https:\/\/evolution-tools.com\/index.php\/wp-json\/wp\/v2\/comments?post=1513"}],"version-history":[{"count":41,"href":"https:\/\/evolution-tools.com\/index.php\/wp-json\/wp\/v2\/pages\/1513\/revisions"}],"predecessor-version":[{"id":1729,"href":"https:\/\/evolution-tools.com\/index.php\/wp-json\/wp\/v2\/pages\/1513\/revisions\/1729"}],"up":[{"embeddable":true,"href":"https:\/\/evolution-tools.com\/index.php\/wp-json\/wp\/v2\/pages\/1137"}],"wp:attachment":[{"href":"https:\/\/evolution-tools.com\/index.php\/wp-json\/wp\/v2\/media?parent=1513"}],"curies":[{"name":"wp","href":"https:\/\/api.w.org\/{rel}","templated":true}]}}